 is divided by 464?
447
Calculate the remainder when 564730 is divided by 166.
164
What is the remainder when 111405 is divided by 40?
5
Calculate the remainder when 130083 is divided by 681.
12
What is the remainder when 21083 is divided by 872?
155
What is the remainder when 56638 is divided by 30?
28
Calculate the remainder when 441 is divided by 421.
20
Calculate the remainder when 207931 is divided by 227.
226
Calculate the remainder when 4676 is divided by 29.
7
What is the remainder when 5342 is divided by 269?
231
Calculate the remainder when 84217 is divided by 421.
17
What is the remainder when 100337 is divided by 20065?
12
Calculate the remainder when 39628 is divided by 426.
10
Calculate the remainder when 7240 is divided by 12.
4
Calculate the remainder when 2841 is divided by 2803.
38
Calculate the remainder when 2439 is divided by 502.
431
What is the remainder when 15382 is divided by 481?
471
What is the remainder when 411 is divided by 200?
11
What is the remainder when 10302 is divided by 184?
182
What is the remainder when 47436 is divided by 13?
12
Calculate the remainder when 375378 is divided by 274.
272
Calculate the remainder when 7065 is divided by 784.
9
What is the remainder when 50518 is divided by 77?
6
Calculate the remainder when 3208 is divided by 3186.
22
Calculate the remainder when 26581 is divided by 2215.
1
What is the remainder when 60633 is divided by 879?
861
What is the remainder when 148042 is divided by 39?
37
Calculate the remainder when 16460 is divided by 37.
32
Calculate the remainder when 5276 is divided by 903.
761
Calculate the remainder when 1024 is divided by 38.
36
Calculate the remainder when 2002 is divided by 96.
82
What is the remainder when 14705 is divided by 4?
1
What is the remainder when 8541 is divided by 343?
309
What is the remainder when 132132 is divided by 273?
0
What is the remainder when 3094 is divided by 199?
109
Calculate the remainder when 21589 is divided by 150.
139
Calculate the remainder when 30390 is divided by 15179.
32
Calculate the remainder when 28662 is divided by 305.
297
What is the remainder when 1133 is divided by 1117?
16
What is the remainder when 39696 is divided by 18?
6
What is the remainder when 14894 is divided by 152?
150
What is the remainder when 160491 is divided by 683?
669
Calculate the remainder when 2679637 is divided by 40.
37
What is the remainder when 66568 is divided by 22166?
70
Calculate the remainder when 46587 is divided by 15529.
0
What is the remainder when 34219 is divided by 41?
25
What is the remainder when 172458 is divided by 347?
346
Calculate the remainder when 1058944 is divided by 42.
40
What is the remainder when 9234 is divided by 1149?
42
Calculate the remainder when 2759 is divided by 13.
3
What is the remainder when 8191 is divided by 88?
7
What is the remainder when 58974 is divided by 135?
114
What is the remainder when 4858 is divided by 203?
189
What is the remainder when 24431 is divided by 370?
11
What is the remainder when 6622 is divided by 250?
122
Calculate the remainder when 189410 is divided by 63.
32
Calculate the remainder when 5050 is divided by 1000.
50
Calculate the remainder when 294244 is divided by 3382.
10
What is the remainder when 1844190 is divided by 56?
54
Calculate the remainder when 4358 is divided by 132.
2
Calculate the remainder when 1446 is divided by 1318.
128
Calculate the remainder when 12107 is divided by 113.
16
What is the remainder when 100676 is divided by 97?
87
What is the remainder when 93389 is divided by 41?
32
What is the remainder when 22744 is divided by 35?
29
Calculate the remainder when 468696 is divided by 231.
228
What is the remainder when 861305 is divided by 10377?
14
Calculate the remainder when 59797 is divided by 623.
612
What is the remainder when 440283 is divided by 173?
171
Calculate the remainder when 13942 is divided by 93.
85
Calculate the remainder when 15216 is divided by 59.
53
What is the remainder when 7997 is divided by 2664?
5
What is the remainder when 44998 is divided by 58?
48
What is the remainder when 2564 is divided by 123?
104
What is the remainder when 695 is divided by 18?
11
Calculate the remainder when 41255 is divided by 20613.
29
What is the remainder when 4754 is divided by 136?
130
Calculate the remainder when 51777 is divided by 60.
57
Calculate the remainder when 9465 is divided by 23.
12
What is the remainder when 245855 is divided by 96?
95
Calculate the remainder when 63570 is divided by 21188.
6
Calculate the remainder when 546268 is divided by 34140.
28
Calculate the remainder when 1149760 is divided by 1439.
1438
Calculate the remainder when 4878 is divided by 581.
230
What is the remainder when 14972 is divided by 1395?
1022
What is the remainder when 14698 is divided by 192?
106
What is the remainder when 269076 is divided by 134531?
14
Calculate the remainder when 172560 is divided by 3.
0
Calculate the remainder when 36362 is divided by 7.
4
What is the remainder when 24649 is divided by 99?
97
Calculate the remainder when 25082 is divided by 512.
506
What is the remainder when 16758 is divided by 469?
343
What is the remainder when 3951 is divided by 573?
513
Calculate the remainder when 41109 is divided by 697.
683
What is the remainder when 657 is divided by 60?
57
What is the remainder when 715683 is divided by 83?
57
Calculate the remainder when 4863 is divided by 250.
113
Calculate the remainder when 8371 is divided by 215.
201
What is the remainder when 2964 is divided by 194?
54
Calculate the remainder when 58838 is divided by 40.
38
Calculate the remainder when 69003 is divided by 390.
363
What is the remainder when 1363916 is divided by 120?
116
What is the remainder when 1459 is divided by 89?
35
What is the remainder when 600023 is divided by 14?
11
What is the remainder when 25521 is divided by 911?
13
What is the remainder when 748473 is divided by 245?
243
Calculate the remainder when 674 is divided by 232.
210
What is the remainder when 322075 is divided by 35783?
28
Calculate the remainder when 2964 is divided by 301.
255
Calculate the remainder when 5645 is divided by 129.
98
Calculate the remainder when 12787 is divided by 4072.
571
What is the remainder when 341772 is divided by 35?
32
Calculate the remainder when 4734 is divided by 214.
26
Calculate the remainder when 128972 is divided by 1402.
1390
What is the remainder when 74964 is divided by 47?
46
What is the remainder when 52412 is divided by 173?
166
Calculate the remainder when 2066 is divided by 350.
316
Calculate the remainder when 11478 is divided by 3822.
12
Calculate the remainder when 5791 is divided by 92.
87
Calculate the remainder when 237382 is divided by 118684.
14
What is the remainder when 3288 is divided by 652?
28
What is the remainder when 86908 is divided by 97?
93
What is the remainder when 14564 is divided by 17?
12
Calculate the remainder when 163245 is divided by 122.
9
What is the remainder when 268789 is divided by 134379?
31
What is the remainder when 96709 is divided by 337?
327
What is the remainder when 21944 is divided by 177?
173
Calculate the remainder when 408235 is divided by 35.
30
What is the remainder when 15632 is divided by 15626?
6
What is the remainder when 8202 is divided by 911?
3
Calculate the remainder when 282 is divided by 58.
50
What is the remainder when 402110 is divided by 151?
148
Calculate the remainder when 70457 is divided by 398.
11
Calculate the remainder when 247 is divided by 198.
49
Calculate the remainder when 262002 is divided by 974.
970
Calculate the remainder when 97568 is divided by 4242.
2
What is the remainder when 5357 is divided by 67?
64
Calculate the remainder when 2386 is divided by 717.
235
What is the remainder when 21357 is divided by 31?
29
Calculate the remainder when 112485 is divided by 43.
40
What is the remainder when 2068 is divided by 1012?
44
Calculate the remainder when 2857 is divided by 891.
184
What is the remainder when 3632517 is divided by 24?
21
Calculate the remainder when 14400 is divided by 13878.
522
What is the remainder when 103579 is divided by 156?
151
Calculate the remainder when 2366 is divided by 329.
63
What is the remainder when 1299